5*z - 103, 5*x + z - 157 = 2*z. Suppose 5*k - x = 24. What is the tens digit of k?
1
Suppose -6*l + 5*l = 0. Suppose 4*a - 70 = 3*a - 4*j, l = 5*a - 2*j - 306. What is the units digit of a?
2
Let y be (-11 - 0) + 14 + -11. Let p be ((-4)/y)/((-1)/(-10)). Suppose 0 = -4*d + 2*j + 124, p*d - j - 58 = 94. What is the units digit of d?
0
Let w(c) = -1 - c - 2 - 5 + 4. Suppose -4*r = 2*l + 3*l + 23, 4*r - 4*l + 32 = 0. What is the units digit of w(r)?
3
Let y be 20/6*(10 - 7). What is the units digit of y/4*(-7)/((-105)/414)?
9
Suppose -18832 = 5*p - 13*p. What is the thousands digit of p?
2
Suppose -15*x = -18*x - 5*v + 904, -2*x + 3*v + 628 = 0. What is the hundreds digit of x?
3
Let x = 335 - 249. What is the units digit of x?
6
Let f(w) = 2*w**2 - 2. Suppose 3*l - 12 + 0 = 0. What is the tens digit of f(l)?
3
Suppose d = -d + 6. Suppose 3*y = 4*y - d. Suppose y*i - 3 = -g + 8, -4 = g - 2*i. What is the units digit of g?
2
Suppose 5*k - k - 328 = 0. Let r = k - -2. Suppose -37 = -3*s + 4*z, -3*s - 5*z + r = 2. What is the units digit of s?
9
Suppose 3087 = 2*o + 3*c, 25*c - 22*c - 6183 = -4*o. What is the units digit of o?
8
Let q(g) = g**3 - 6*g**2 + 6*g. Let v = 3 - 1. Suppose -v*i - i = -15. What is the units digit of q(i)?
5
Let t = -9 + 14. Suppose -89 = -2*w + t. What is the units digit of w?
7
Let t = 227 - -759. What is the hundreds digit of t?
9
What is the thousands digit of (-1207 + (1 - 0))/(6/(-8))?
1
Let n = -362 - -529. Let g(t) = -7*t - 30. Let z be g(-5). Suppose -z*p + 2*q = -0*p - 164, -q = -5*p + n. What is the units digit of p?
4
Let p(b) = -b**3 + 3*b**2 - 3*b + 1. Let k be p(2). Suppose -36*q = -28*q + 128. What is the tens digit of (-200)/q + k/(-2)?
1
Let y = 2670 - 2564. What is the hundreds digit of y?
1
Let y be 87/5 + (-8)/20. Let b = y - 14. Suppose b*t - 2*t - 32 = 0. What is the tens digit of t?
3
Let r = 63 + -30. Suppose -42 - r = -s. What is the tens digit of s?
7
Let y(x) = -x + 8. Suppose -2 - 2 = -k. Let l be y(k). Suppose -l*g + 24 = -112. What is the units digit of g?
4
Let y(u) = -3*u**2 + 26*u + 14. Let q be y(9). Suppose i + 2*w - q*w - 140 = 0, -i - w = -152. What is the hundreds digit of i?
1
Let x(p) = p**2 + 15*p + 14. Let n be x(-14). Suppose -4*z + 18 + 14 = n. What is the units digit of z?
8
Let d(z) = 2*z - 7. Let k be d(6). Let u = -587 + 587. Suppose u = -3*s + k + 55. What is the tens digit of s?
2
Suppose 3*h = 3*y + 9882, 3*h + 3901 = 4*y + 13782. What is the hundreds digit of h?
2
Suppose b + 8 = -4. Let k = -316 - b. What is the tens digit of k/(-6) - (-6)/18?
5
Suppose 44 = 3*b - m - 3*m, -5*m = -5*b + 80. Suppose -b*y + 11*y + 63 = 0. What is the units digit of y?
7
Let b(d) = -27*d**2 - 2*d + 2. Let h be b(1). Let v be ((-6)/4)/(h/1656). Suppose -v = -6*a + 2*a. What is the tens digit of a?
2
Let b(w) = 2*w**2 - 6*w - 7. Let q be b(7). Let p = 101 - q. Let u = p + -27. What is the tens digit of u?
2
Let x = -188 + 254. What is the tens digit of x?
6
Suppose -100 - 98 = -9*m. Let n = -39 - -22. Let q = n + m. What is the units digit of q?
5
Suppose 0 = -4*z + 2*z. Suppose z*n = -n + 2. Suppose -30 - 38 = -n*c. What is the units digit of c?
4
Let a = 112 + -62. Let m = -31 + a. What is the tens digit of m?
1
Let j(t) = -18*t + 2. Let k(g) = 17*g - 3. Let m(s) = 3*j(s) + 4*k(s). What is the tens digit of m(2)?
2
Let z(f) = f**3 - 8*f**2 + 6*f + 9. Let n be z(7). Suppose 0 = -n*b - 3*b + 15. Suppose -b*t + 18 = -0*t. What is the units digit of t?
6
Suppose 4*m + 3*i = 8, 3*i = -m - 9 + 2. Suppose -210 = -m*l + 235. What is the units digit of l?
9
Let v be (-9)/(-21) + 6705/35. Let d = -52 - -241. Suppose -k - 3*k - 4*n = -v, 0 = -4*k - n + d. What is the units digit of k?
7
Suppose 2*a - 4*v = -137 - 73, -2*v - 339 = 3*a. Let d be (-1)/(a/36 + 3). Let s = d + 11. What is the tens digit of s?
2
Let y(b) be the first derivative of 7*b**3/3 + 7*b + 10. What is the units digit of y(-3)?
0
Suppose -w = -4, 5*n - w = -1819 + 7135. What is the tens digit of n?
6
Let h(n) = -2*n - 15 + 28 + 7. Let m be h(12). What is the tens digit of 2/3*(-282)/m?
4
Let c(s) = 221*s**2 + 37*s. What is the units digit of c(4)?
4
Suppose 0 = -3*b + 53 + 7. What is the tens digit of 182/4 + b/(-40)?
4
Let k(r) = -2*r**3 - 2*r**2 + 2*r + 4. Suppose b = -3*b - 12. Let x be k(b). Let m = x - 19. What is the tens digit of m?
1
Let v be (-18)/(-3)*(-1)/(-2). Suppose -34 = -5*p - 2*c, 24 = v*p + c + 3. What is the units digit of p?
8
Let g = -5 - -5. Suppose 3*i - 8*i - z + 213 = g, -2*i - 5*z + 99 = 0. Let w = -15 + i. What is the units digit of w?
7
Let t be 9/12*144/6. Let y be (-60)/t*3/(-2). Suppose -y*m - 39 = -8*m. What is the tens digit of m?
1
Let c = 2 + -17. Let b = c - -18. Suppose 0 = d - 0*d - j - 35, 4*d - b*j = 140. What is the units digit of d?
5
What is the units digit of 524 + (24/18 - 7/21)?
5
Let w(c) = 6*c**3 - 8*c**2 + 8*c - 6. What is the units digit of w(5)?
4
Let t be (-107)/3 + (-4)/12. Let x = 51 + t. What is the tens digit of x?
1
Let b(z) = -2*z**2 + 5*z - 3. Suppose -3*j + 24 = -x + 4*x, j = x - 2. Let f(g) = -g**2 + 4*g - 2. Let y(o) = j*f(o) - 2*b(o). What is the units digit of y(-6)?
4
Suppose 1090 = -13*m + 15*m. What is the tens digit of m?
4
Let f(w) = 12*w - 27. Let l be f(4). Let q(s) = 4*s - 5. What is the units digit of q(l)?
9
Suppose -3*t + 7 = 2*v, 3*v + 0*v = -4*t + 9. Let n(c) = -4 + 4 - 10*c. What is the units digit of n(v)?
0
Let x = -163 - 60. Let j = x - -375. What is the hundreds digit of j?
1
What is the hundreds digit of ((-545)/15)/((-3)/9)?
1
Suppose -3*f + 399 = 4*q - 303, 3*f = 3*q - 537. Let w = q + -104. What is the tens digit of w?
7
Let x be 26 + 0 - 0/4. Let p = -34 + x. What is the units digit of -8 - p - -6*11?
6
Let p(x) = -x**2 + 13*x - 2. Let w be p(12). Let y(f) = f - 14. Let b be y(w). What is the tens digit of ((-26)/b)/((-4)/(-40))?
6
Suppose -2*r - 2*v = 2*r - 1446, -4*v = r - 372. Suppose 0 = -6*l + 1296 - r. What is the hundreds digit of l?
1
Let y = 4318 + 163. What is the thousands digit of y?
4
Let o(d) be the second derivative of d**3/3 + 2*d**2 - 3*d. Let h be o(4). Suppose 4*g = 3*w + 83, -5*w - 88 = -5*g + h. What is the units digit of g?
3
Let c = -1327 + 2784. What is the hundreds digit of c?
4
Suppose 8 = -a + 22. Suppose 25*k = 27*k - a. What is the units digit of k?
7
Let o(k) = 10 - 2 + 3*k - 2*k. Let p be o(-5). Let q(c) = -c**3 + 3*c**2 + 4. What is the units digit of q(p)?
4
Let a be 7 - 2/(-4)*-4. Let d be (-10)/(-15) - 266/(-6). Suppose 0*o + a*o = d. What is the units digit of o?
9
Suppose 3 + 3 = -2*o. Let g be (-4 - o) + 1 + -3. What is the tens digit of g*(0 - 22/6)?
1
Suppose -1295*g = -1287*g - 5392. What is the tens digit of g?
7
Suppose -5*i + i + 76 = 0. Let c = 39 + i. What is the tens digit of c?
5
Let m be (-1 + 2 + -302)/(1/(-2)). Suppose 5*g - 2*h + 3*h = m, 0 = -4*g - 2*h + 478. What is the tens digit of g?
2
Let l(c) = c**2 - 4*c + 3. Let x be l(6). Suppose -2*t = 3*t - x. Suppose 4*b - 4*i - 100 = 0, -5*i + 180 - 65 = t*b. What is the tens digit of b?
3
Let j(k) = -k**3 - 13*k**2. Let a be j(-13). Let c = 73 - a. What is the units digit of c?
3
Let r(l) = -9*l - 15. Let p be r(-6). What is the units digit of 208/p*33/2?
8
Let c(a) = -a + 32. What is the units digit of c(4)?
8
Let j = -243 - -805. What is the units digit of j?
2
Let h be (-7)/(-35) - 302/10. Let x = 37 + h. Suppose -4*b + 4*w - x = -195, -5*b + 242 = 2*w. What is the units digit of b?
8
Let o = 210 - -9. What is the tens digit of o?
1
Let p = -60 - -84. Let g = p + -6. Suppose 10 = 2*q - g. What is the units digit of q?
4
Let y = -167 + 499. What is the tens digit of y?
3
Let w = -337 + 848. What is the tens digit of w?
1
Suppose 0 = 5*x + 2*a + 32 + 8, 5*a = 4*x - 1. Let m = x - -10. Suppose s + m*s - 5 = 0, 3*i = -s + 67. What is the tens digit of i?
2
Let y be 15/(-20) + 7/4. Let n be y/(-6) - (-98)/12. Let w = 21 + n. What is the tens digit of w?
2
Let i = -87 - -92. Suppose 5*t - i*l = 10*t - 765, -l = -2. What is the units digit of t?
1
What is the tens digit of 102/4*230/90*12?
8
Let i(j) be the second derivative of 7/3*j**3 + 0*j**2 + 0 + 6*j. What is the units digit of i(2)?
8
Let y(i) = 90*i + 4082. What is the units digit of y(0)?
2
